actors of 14674?
2, 11, 23, 29
List the prime factors of 163894.
2, 19, 227
What are the prime factors of 1389017?
7, 31, 37, 173
What are the prime factors of 130281?
3, 43427
What are the prime factors of 81175?
5, 17, 191
What are the prime factors of 6798947?
6798947
List the prime factors of 9024767.
61, 197, 751
What are the prime factors of 1586515?
5, 7, 45329
What are the prime factors of 1203407?
79, 15233
List the prime factors of 6852530.
2, 5, 17, 173, 233
What are the prime factors of 2614725?
3, 5, 11621
What are the prime factors of 16463280?
2, 3, 5, 68597
List the prime factors of 10183774.
2, 5091887
What are the prime factors of 640686?
2, 3, 106781
List the prime factors of 212600.
2, 5, 1063
List the prime factors of 33297448.
2, 1289, 3229
What are the prime factors of 859758?
2, 3, 17, 8429
List the prime factors of 896846.
2, 269, 1667
List the prime factors of 255323.
17, 23, 653
What are the prime factors of 1969592?
2, 191, 1289
What are the prime factors of 1048104?
2, 3, 14557
List the prime factors of 2801343.
3, 933781
List the prime factors of 6681099.
3, 2227033
What are the prime factors of 574737?
3, 191579
List the prime factors of 768924.
2, 3, 13, 31, 53
What are the prime factors of 891036?
2, 3, 53, 467
What are the prime factors of 4896046?
2, 1237, 1979
What are the prime factors of 437753?
437753
List the prime factors of 1150.
2, 5, 23
List the prime factors of 8521819.
8521819
What are the prime factors of 680459?
13, 17, 3079
List the prime factors of 267491.
7, 53, 103
What are the prime factors of 5245146?
2, 3, 17, 61, 281
What are the prime factors of 423346?
2, 7, 11, 2749
What are the prime factors of 436480?
2, 5, 11, 31
List the prime factors of 684583.
503, 1361
What are the prime factors of 3458881?
439, 7879
What are the prime factors of 13400?
2, 5, 67
What are the prime factors of 18029410?
2, 5, 7, 181, 1423
What are the prime factors of 366894?
2, 3, 11, 17, 109
List the prime factors of 1383147.
3, 313, 491
List the prime factors of 556113.
3, 185371
List the prime factors of 6265521.
3, 97, 7177
List the prime factors of 1255338.
2, 3, 7, 41
List the prime factors of 487780.
2, 5, 29
What are the prime factors of 156373?
7, 89, 251
What are the prime factors of 966395?
5, 347, 557
List the prime factors of 3202691.
3202691
List the prime factors of 7727521.
7727521
List the prime factors of 293361.
3, 97787
List the prime factors of 526298.
2, 79, 3331
List the prime factors of 63506.
2, 113, 281
List the prime factors of 597004.
2, 149251
List the prime factors of 869042.
2, 434521
List the prime factors of 5745264.
2, 3, 7, 17099
List the prime factors of 4625427.
3, 1541809
What are the prime factors of 529056?
2, 3, 11, 167
List the prime factors of 1247783.
17, 29, 2531
What are the prime factors of 2723445?
3, 5, 60521
List the prime factors of 372179.
372179
List the prime factors of 5436689.
229, 23741
List the prime factors of 42139.
42139
What are the prime factors of 19901536?
2, 621923
What are the prime factors of 19647?
3, 37, 59
List the prime factors of 2298399.
3, 197, 3889
What are the prime factors of 7256480?
2, 5, 7, 11, 19, 31
List the prime factors of 1017296.
2, 7, 31, 293
List the prime factors of 238723.
238723
List the prime factors of 4020437.
59, 83, 821
List the prime factors of 810597.
3, 19, 14221
What are the prime factors of 249369?
3, 101, 823
What are the prime factors of 21814992?
2, 3, 197, 769
What are the prime factors of 359094?
2, 3, 97, 617
List the prime factors of 690061.
19, 36319
What are the prime factors of 1028723?
293, 3511
What are the prime factors of 14487402?
2, 3, 2414567
List the prime factors of 25909533.
3, 13, 71, 3119
What are the prime factors of 218228?
2, 89, 613
List the prime factors of 13596856.
2, 7, 13, 19, 983
List the prime factors of 2591847.
3, 19, 23, 659
What are the prime factors of 536197?
17, 31541
What are the prime factors of 493212?
2, 3, 23, 1787
What are the prime factors of 449466?
2, 3, 23, 3257
List the prime factors of 12259026.
2, 3, 13, 5821
List the prime factors of 279693.
3, 1151
What are the prime factors of 295662?
2, 3, 49277
What are the prime factors of 107274?
2, 3, 19, 941
List the prime factors of 14905441.
349, 42709
What are the prime factors of 4437281?
109, 40709
List the prime factors of 371777.
7, 173, 307
List the prime factors of 5836115.
5, 463, 2521
List the prime factors of 6128430.
2, 3, 5, 7, 11, 379
List the prime factors of 5007336.
2, 3, 19, 79, 139
List the prime factors of 14623618.
2, 7311809
What are the prime factors of 96030?
2, 3, 5, 11, 97
What are the prime factors of 5061937?
17, 167, 1783
What are the prime factors of 13783482?
2, 3, 765749
List the prime factors of 97598.
2, 48799
List the prime factors of 22929.
3, 7643
List the prime factors of 161326.
2, 11, 7333
List the prime factors of 13274438.
2, 743, 8933
List the prime factors of 38118.
2, 3, 6353
List the prime factors of 1985333.
7, 31, 1307
What are the prime factors of 333336?
2, 3, 17, 19, 43
What are the prime factors of 202231?
202231
List the prime factors of 109439.
11, 9949
What are the prime factors of 3921370?
2, 5, 271, 1447
List the prime factors of 1004384.
2, 31387
What are the prime factors of 418?
2, 11, 19
List the prime factors of 222362.
2, 7, 2269
What are the prime factors of 1567054?
2, 783527
What are the prime factors of 90357?
3, 30119
What are the prime factors of 119978?
2, 239, 251
What are the prime factors of 8384828?
2, 29, 41, 43
What are the prime factors of 36255?
3, 5, 2417
What are the prime factors of 7051578?
2, 3, 71, 16553
What are the prime factors of 27563177?
23, 1198399
What are the prime factors of 394597?
7, 8053
What are the prime factors of 18234334?
2, 1097, 8311
List the prime factors of 1377019.
7, 196717
List the prime factors of 428083.
428083
What are the prime factors of 216692?
2, 7, 71, 109
List the prime factors of 1980605.
5, 11, 36011
List the prime factors of 64781.
64781
What are the prime factors of 269001?
3, 41
What are the prime factors of 807280?
2, 5, 10091
What are the prime factors of 21554151?
3, 19, 23, 41, 401
List the prime factors of 66540.
2, 3, 5, 1109
What are the prime factors of 26098191?
3, 7, 19, 21803
What are the prime factors of 763565?
5, 11, 13883
List the prime factors of 1491276.
2, 3, 151, 823
What are the prime factors of 2821841?
11, 23321
List the prime factors of 331106.
2, 165553
What are the prime factors of 180744?
2, 3, 17, 443
What are the prime factors of 791472?
2, 3, 11, 1499
List the prime factors of 2073282.
2, 3, 345547
List the prime factors of 85210.
2, 5, 8521
List the prime factors of 496434.
2, 3, 17, 31, 157
What are the prime factors of 209525?
5, 17, 29
What are the prime factors of 3269808?
2, 3, 29
What are the prime factors of 27250018?
2, 13625009
List the prime factors of 7869931.
7869931
What are the prime factors of 3511035?
3, 5, 11, 41, 173
What are the prime factors of 3350620?
2, 5, 7, 13, 263
What are the prime factors of 448040?
2, 5, 23, 487
What are the prime factors of 90583?
90583
What are the prime factors of 56403?
3, 2089
List the prime factors of 326406.
2, 3, 54401
List the prime factors of 324247.
7, 11, 4211
List the prime factors of 2808693.
3, 31, 10067
List the prime factors of 103457.
103457
What are the prime factors of 219782?
2, 109891
What are the prime factors of 2328950?
2, 5, 13, 3583
What are the prime factors of 148207?
148207
List the prime factors of 1081953.
3, 239, 503
What are the prime factors of 1555690?
2, 5, 155569
List the prime factors of 3148331.
43, 211, 347
What are the prime factors of 521786?
2, 260893
What are the prime factors of 28773027?
3, 17, 181, 1039
What are the prime factors of 601354?
2, 13, 101, 229
What are the prime factors of 3267346?
2, 47, 34759
List the prime factors of 5787346.
2, 827, 3499
List the prime factors of 945123.
3, 47, 6703
What are the prime factors of 27244762?
2, 13622381
What are the prime factors of 17556318?
2, 3, 13, 89, 281
What are the prime factors of 363681?
3, 17, 2377
What are the prime factors of 243769?
243769
List the prime factors of 4633251.
3, 7, 37, 67, 89
What are the prime 